{"id":10,"date":"2020-04-22T16:37:47","date_gmt":"2020-04-22T16:37:47","guid":{"rendered":"https:\/\/www.snkka.hu\/?page_id=10"},"modified":"2024-02-17T10:20:58","modified_gmt":"2024-02-17T10:20:58","slug":"palyazatok","status":"publish","type":"page","link":"https:\/\/www.snkka.hu\/?page_id=10","title":{"rendered":"P\u00e1ly\u00e1zatok"},"content":{"rendered":"\n<p>2022 ben Kaincbarcik\u00e1n a XIV .region\u00e1lis n\u00e9met nemzetis\u00e9gi fesztiv\u00e1lon,majd Hercegk\u00faton a gasztron\u00f3miai \u00e9s kultur\u00e1lis fesztiv\u00e1l sor\u00e1n szerepelt \u00e9nekkarunk.2022-ben kapcsolat\u00e9p\u00edt\u00e9s sor\u00e1n Balmaz\u00fcjv\u00e1risi n\u00e9met nemzetis\u00e9gi \u00f6nkorm\u00e1nyzattal t\u00f6rt\u00e9nt k\u00f6z\u00f6s tapasztalatcsere.2023-ban Szendehely n\u00e9met nemzetis\u00e9gi \u00f6nkorm\u00e1nyzat megh\u00edv\u00e1s\u00e1ra a telep\u00fcl\u00e9s l\u00e9trej\u00f6tt\u00e9nek 270-\u00e9ves \u00fcnneps\u00e9g\u00e9n vett\u00fcnk r\u00e9szt. A XV- Rgion\u00e1lis N\u00e9met Nemzetis\u00e9gi fesztiv\u00e1l h\u00e1zigazd\u00e1ja volt a N\u00e9met Nemzetis\u00e9gi \u00d6nkorm\u00e1nyzat S\u00e1rospatak<\/p>\n\n\n\n<div class=\"wp-block-file\"><object class=\"wp-block-file__embed\" data=\"https:\/\/www.snkka.hu\/wp-content\/uploads\/2024\/02\/javitott-Palyazati-tabla-Sp-i-Nemet-Kisebbs.Kult_.Alap_.-1-1.pdf\" type=\"application\/pdf\" style=\"width:100%;height:600px\" aria-label=\"javitott-Palyazati-tabla-Sp-i-Nemet-Kisebbs.Kult_.Alap_.-1-1 be\u00e1gyaz\u00e1sa\"><\/object><a href=\"https:\/\/www.snkka.hu\/wp-content\/uploads\/2024\/02\/javitott-Palyazati-tabla-Sp-i-Nemet-Kisebbs.Kult_.Alap_.-1-1.pdf\">javitott-Palyazati-tabla-Sp-i-Nemet-Kisebbs.Kult_.Alap_.-1-1<\/a><a href=\"https:\/\/www.snkka.hu\/wp-content\/uploads\/2024\/02\/javitott-Palyazati-tabla-Sp-i-Nemet-Kisebbs.Kult_.Alap_.-1-1.pdf\" class=\"wp-block-file__button\" download>Let\u00f6lt\u00e9s<\/a><\/div>\n\n\n\n<p><\/p>\n\n\n\n<p>Rendszeresen p\u00e1ly\u00e1zunk az Emberi Er\u0151forr\u00e1s Miniszt\u00e9riuma \u00e1ltal ki\u00edrt p\u00e1ly\u00e1zatokra, m\u0171k\u00f6d\u00e9sre \u00e9s szakmai programokra az orsz\u00e1g k\u00fcl\u00f6nb\u00f6z\u0151 ter\u00fcleteire tudtunk ez\u00e1ltal eljutni<\/p>\n\n\n\n<p>az ut\u00f3bbi id\u0151ben.<\/p>\n\n\n\n<ul><li>Haj\u00f3s-Nemesn\u00e1dudvar telep\u00fcl\u00e9seivel ismerkedt\u00fck \u00e9s hagyom\u00e1nyaikkal.<\/li><li>rendszeresen vend\u00e9gei vagyunk \u00d3zd \u00e9s k\u00f6rny\u00e9ke sv\u00e1b telep\u00fcl\u00e9seinek<\/li><li>Szendr\u0151n \u2013majd Taksonyba a Region\u00e1lis N\u00e9met Nemzetis\u00e9gi Kultur\u00e1lis \u00e9s Gasztron\u00f3miai k\u00f6z\u00f6s rendezv\u00e9ny\u00e9n l\u00e9pt\u00fcnk fel a csoportunkkal, amit a f\u00fav\u00f3s-zenekar k\u00eds\u00e9rt. Nagy sikert arattunk a h\u00fasos k\u00e1posztasal\u00e1t\u00e1nkkal.<\/li><li>Dunabogd\u00e1ny sv\u00e1b csoportj\u00e1val tal\u00e1lkoztunk, majd Esztergom \u00e9s k\u00f6rny\u00e9l\u00e9t l\u00e1togattuk.<\/li><\/ul>\n\n\n\n<div class=\"wp-block-file\"><object class=\"wp-block-file__embed\" data=\"https:\/\/www.snkka.hu\/wp-content\/uploads\/2021\/10\/2020.-Palyazati-tabla-Sp-i-Nemet-Kisebbs.Kult_.Alap_.-1.pdf\" type=\"application\/pdf\" style=\"width:100%;height:600px\" aria-label=\"2020.-Palyazati-tabla-Sp-i-Nemet-Kisebbs.Kult_.Alap_.-1 be\u00e1gyaz\u00e1sa\"><\/object><a href=\"https:\/\/www.snkka.hu\/wp-content\/uploads\/2021\/10\/2020.-Palyazati-tabla-Sp-i-Nemet-Kisebbs.Kult_.Alap_.-1.pdf\">2020.-Palyazati-tabla-Sp-i-Nemet-Kisebbs.Kult_.Alap_.-1<\/a><a href=\"https:\/\/www.snkka.hu\/wp-content\/uploads\/2021\/10\/2020.-Palyazati-tabla-Sp-i-Nemet-Kisebbs.Kult_.Alap_.-1.pdf\" class=\"wp-block-file__button\" download>Let\u00f6lt\u00e9s<\/a><\/div>\n\n\n\n<p><\/p>\n","protected":false},"excerpt":{"rendered":"<p>2022 ben Kaincbarcik\u00e1n a XIV .region\u00e1lis n\u00e9met nemzetis\u00e9gi fesztiv\u00e1lon,majd Hercegk\u00faton a gasztron\u00f3miai \u00e9s kultur\u00e1lis fesztiv\u00e1l sor\u00e1n szerepelt \u00e9nekkarunk.2022-ben kapcsolat\u00e9p\u00edt\u00e9s sor\u00e1n Balmaz\u00fcjv\u00e1risi n\u00e9met nemzetis\u00e9gi \u00f6nkorm\u00e1nyzattal t\u00f6rt\u00e9nt k\u00f6z\u00f6s tapasztalatcsere.2023-ban Szendehely n\u00e9met nemzetis\u00e9gi \u00f6nkorm\u00e1nyzat megh\u00edv\u00e1s\u00e1ra a telep\u00fcl\u00e9s l\u00e9trej\u00f6tt\u00e9nek 270-\u00e9ves \u00fcnneps\u00e9g\u00e9n vett\u00fcnk r\u00e9szt. A XV- Rgion\u00e1lis N\u00e9met Nemzetis\u00e9gi fesztiv\u00e1l h\u00e1zigazd\u00e1ja volt a N\u00e9met Nemzetis\u00e9gi \u00d6nkorm\u00e1nyzat S\u00e1rospatak Rendszeresen p\u00e1ly\u00e1zunk az [&hellip;]<\/p>\n","protected":false},"author":1,"featured_media":0,"parent":0,"menu_order":0,"comment_status":"closed","ping_status":"closed","template":"","meta":{"_monsterinsights_skip_tracking":false,"_monsterinsights_sitenote_active":false,"_monsterinsights_sitenote_note":"","_monsterinsights_sitenote_category":0},"yoast_head":"<!-- This site is optimized with the Yoast SEO plugin v17.3 - https:\/\/yoast.com\/wordpress\/plugins\/seo\/ -->\n<title>P\u00e1ly\u00e1zatok -<\/title>\n<meta name=\"robots\" content=\"index, follow, max-snippet:-1, max-image-preview:large, max-video-preview:-1\" \/>\n<link rel=\"canonical\" href=\"https:\/\/www.snkka.hu\/?page_id=10\" \/>\n<meta property=\"og:locale\" content=\"hu_HU\" \/>\n<meta property=\"og:type\" content=\"article\" \/>\n<meta property=\"og:title\" content=\"P\u00e1ly\u00e1zatok -\" \/>\n<meta property=\"og:description\" content=\"2022 ben Kaincbarcik\u00e1n a XIV .region\u00e1lis n\u00e9met nemzetis\u00e9gi fesztiv\u00e1lon,majd Hercegk\u00faton a gasztron\u00f3miai \u00e9s kultur\u00e1lis fesztiv\u00e1l sor\u00e1n szerepelt \u00e9nekkarunk.2022-ben kapcsolat\u00e9p\u00edt\u00e9s sor\u00e1n Balmaz\u00fcjv\u00e1risi n\u00e9met nemzetis\u00e9gi \u00f6nkorm\u00e1nyzattal t\u00f6rt\u00e9nt k\u00f6z\u00f6s tapasztalatcsere.2023-ban Szendehely n\u00e9met nemzetis\u00e9gi \u00f6nkorm\u00e1nyzat megh\u00edv\u00e1s\u00e1ra a telep\u00fcl\u00e9s l\u00e9trej\u00f6tt\u00e9nek 270-\u00e9ves \u00fcnneps\u00e9g\u00e9n vett\u00fcnk r\u00e9szt. A XV- Rgion\u00e1lis N\u00e9met Nemzetis\u00e9gi fesztiv\u00e1l h\u00e1zigazd\u00e1ja volt a N\u00e9met Nemzetis\u00e9gi \u00d6nkorm\u00e1nyzat S\u00e1rospatak Rendszeresen p\u00e1ly\u00e1zunk az [&hellip;]\" \/>\n<meta property=\"og:url\" content=\"https:\/\/www.snkka.hu\/?page_id=10\" \/>\n<meta property=\"article:modified_time\" content=\"2024-02-17T10:20:58+00:00\" \/>\n<meta name=\"twitter:card\" content=\"summary_large_image\" \/>\n<meta name=\"twitter:label1\" content=\"Becs\u00fclt olvas\u00e1si id\u0151\" \/>\n\t<meta name=\"twitter:data1\" content=\"1 perc\" \/>\n<script type=\"application\/ld+json\" class=\"yoast-schema-graph\">{\"@context\":\"https:\/\/schema.org\",\"@graph\":[{\"@type\":\"WebSite\",\"@id\":\"https:\/\/www.snkka.hu\/#website\",\"url\":\"https:\/\/www.snkka.hu\/\",\"name\":\"\",\"description\":\"A S\\u00c1ROSPATAKI N\\u00c9MET KISEBBS\\u00c9G KULT\\u00daR\\u00c1J\\u00c1\\u00c9RT ALAP\\u00cdTV\\u00c1NY\",\"potentialAction\":[{\"@type\":\"SearchAction\",\"target\":{\"@type\":\"EntryPoint\",\"urlTemplate\":\"https:\/\/www.snkka.hu\/?s={search_term_string}\"},\"query-input\":\"required name=search_term_string\"}],\"inLanguage\":\"hu\"},{\"@type\":\"WebPage\",\"@id\":\"https:\/\/www.snkka.hu\/?page_id=10#webpage\",\"url\":\"https:\/\/www.snkka.hu\/?page_id=10\",\"name\":\"P\\u00e1ly\\u00e1zatok -\",\"isPartOf\":{\"@id\":\"https:\/\/www.snkka.hu\/#website\"},\"datePublished\":\"2020-04-22T16:37:47+00:00\",\"dateModified\":\"2024-02-17T10:20:58+00:00\",\"breadcrumb\":{\"@id\":\"https:\/\/www.snkka.hu\/?page_id=10#breadcrumb\"},\"inLanguage\":\"hu\",\"potentialAction\":[{\"@type\":\"ReadAction\",\"target\":[\"https:\/\/www.snkka.hu\/?page_id=10\"]}]},{\"@type\":\"BreadcrumbList\",\"@id\":\"https:\/\/www.snkka.hu\/?page_id=10#breadcrumb\",\"itemListElement\":[{\"@type\":\"ListItem\",\"position\":1,\"name\":\"Home\",\"item\":\"https:\/\/www.snkka.hu\/\"},{\"@type\":\"ListItem\",\"position\":2,\"name\":\"P\\u00e1ly\\u00e1zatok\"}]}]}<\/script>\n<!-- \/ Yoast SEO plugin. -->","yoast_head_json":{"title":"P\u00e1ly\u00e1zatok -","robots":{"index":"index","follow":"follow","max-snippet":"max-snippet:-1","max-image-preview":"max-image-preview:large","max-video-preview":"max-video-preview:-1"},"canonical":"https:\/\/www.snkka.hu\/?page_id=10","og_locale":"hu_HU","og_type":"article","og_title":"P\u00e1ly\u00e1zatok -","og_description":"2022 ben Kaincbarcik\u00e1n a XIV .region\u00e1lis n\u00e9met nemzetis\u00e9gi fesztiv\u00e1lon,majd Hercegk\u00faton a gasztron\u00f3miai \u00e9s kultur\u00e1lis fesztiv\u00e1l sor\u00e1n szerepelt \u00e9nekkarunk.2022-ben kapcsolat\u00e9p\u00edt\u00e9s sor\u00e1n Balmaz\u00fcjv\u00e1risi n\u00e9met nemzetis\u00e9gi \u00f6nkorm\u00e1nyzattal t\u00f6rt\u00e9nt k\u00f6z\u00f6s tapasztalatcsere.2023-ban Szendehely n\u00e9met nemzetis\u00e9gi \u00f6nkorm\u00e1nyzat megh\u00edv\u00e1s\u00e1ra a telep\u00fcl\u00e9s l\u00e9trej\u00f6tt\u00e9nek 270-\u00e9ves \u00fcnneps\u00e9g\u00e9n vett\u00fcnk r\u00e9szt. A XV- Rgion\u00e1lis N\u00e9met Nemzetis\u00e9gi fesztiv\u00e1l h\u00e1zigazd\u00e1ja volt a N\u00e9met Nemzetis\u00e9gi \u00d6nkorm\u00e1nyzat S\u00e1rospatak Rendszeresen p\u00e1ly\u00e1zunk az [&hellip;]","og_url":"https:\/\/www.snkka.hu\/?page_id=10","article_modified_time":"2024-02-17T10:20:58+00:00","twitter_card":"summary_large_image","twitter_misc":{"Becs\u00fclt olvas\u00e1si id\u0151":"1 perc"},"schema":{"@context":"https:\/\/schema.org","@graph":[{"@type":"WebSite","@id":"https:\/\/www.snkka.hu\/#website","url":"https:\/\/www.snkka.hu\/","name":"","description":"A S\u00c1ROSPATAKI N\u00c9MET KISEBBS\u00c9G KULT\u00daR\u00c1J\u00c1\u00c9RT ALAP\u00cdTV\u00c1NY","potentialAction":[{"@type":"SearchAction","target":{"@type":"EntryPoint","urlTemplate":"https:\/\/www.snkka.hu\/?s={search_term_string}"},"query-input":"required name=search_term_string"}],"inLanguage":"hu"},{"@type":"WebPage","@id":"https:\/\/www.snkka.hu\/?page_id=10#webpage","url":"https:\/\/www.snkka.hu\/?page_id=10","name":"P\u00e1ly\u00e1zatok -","isPartOf":{"@id":"https:\/\/www.snkka.hu\/#website"},"datePublished":"2020-04-22T16:37:47+00:00","dateModified":"2024-02-17T10:20:58+00:00","breadcrumb":{"@id":"https:\/\/www.snkka.hu\/?page_id=10#breadcrumb"},"inLanguage":"hu","potentialAction":[{"@type":"ReadAction","target":["https:\/\/www.snkka.hu\/?page_id=10"]}]},{"@type":"BreadcrumbList","@id":"https:\/\/www.snkka.hu\/?page_id=10#breadcrumb","itemListElement":[{"@type":"ListItem","position":1,"name":"Home","item":"https:\/\/www.snkka.hu\/"},{"@type":"ListItem","position":2,"name":"P\u00e1ly\u00e1zatok"}]}]}},"_links":{"self":[{"href":"https:\/\/www.snkka.hu\/index.php?rest_route=\/wp\/v2\/pages\/10"}],"collection":[{"href":"https:\/\/www.snkka.hu\/index.php?rest_route=\/wp\/v2\/pages"}],"about":[{"href":"https:\/\/www.snkka.hu\/index.php?rest_route=\/wp\/v2\/types\/page"}],"author":[{"embeddable":true,"href":"https:\/\/www.snkka.hu\/index.php?rest_route=\/wp\/v2\/users\/1"}],"replies":[{"embeddable":true,"href":"https:\/\/www.snkka.hu\/index.php?rest_route=%2Fwp%2Fv2%2Fcomments&post=10"}],"version-history":[{"count":5,"href":"https:\/\/www.snkka.hu\/index.php?rest_route=\/wp\/v2\/pages\/10\/revisions"}],"predecessor-version":[{"id":74,"href":"https:\/\/www.snkka.hu\/index.php?rest_route=\/wp\/v2\/pages\/10\/revisions\/74"}],"wp:attachment":[{"href":"https:\/\/www.snkka.hu\/index.php?rest_route=%2Fwp%2Fv2%2Fmedia&parent=10"}],"curies":[{"name":"wp","href":"https:\/\/api.w.org\/{rel}","templated":true}]}}

Pályázatok

<p>2022 ben Kaincbarcikán a XIV .regionális német nemzetiségi fesztiválon,majd Hercegkúton a gasztronómiai és kulturális fesztivál során szerepelt énekkarunk.2022-ben kapcsolatépítés során Balmazüjvárisi német nemzetiségi önkormányzattal történt közös tapasztalatcsere.2023-ban Szendehely német nemzetiségi önkormányzat meghívására a település létrejöttének 270-éves ünnepségén vettünk részt. A XV- Rgionális Német Nemzetiségi fesztivál házigazdája volt a Német Nemzetiségi Önkormányzat Sárospatak</p>



<div class="wp-block-file"><object class="wp-block-file__embed" data="https://www.snkka.hu/wp-content/uploads/2024/02/javitott-Palyazati-tabla-Sp-i-Nemet-Kisebbs.Kult_.Alap_.-1-1.pdf" type="application/pdf" style="width:100%;height:600px" aria-label="javitott-Palyazati-tabla-Sp-i-Nemet-Kisebbs.Kult_.Alap_.-1-1 beágyazása"></object><a href="https://www.snkka.hu/wp-content/uploads/2024/02/javitott-Palyazati-tabla-Sp-i-Nemet-Kisebbs.Kult_.Alap_.-1-1.pdf">javitott-Palyazati-tabla-Sp-i-Nemet-Kisebbs.Kult_.Alap_.-1-1</a><a href="https://www.snkka.hu/wp-content/uploads/2024/02/javitott-Palyazati-tabla-Sp-i-Nemet-Kisebbs.Kult_.Alap_.-1-1.pdf" class="wp-block-file__button" download>Letöltés</a></div>



<p></p>



<p>Rendszeresen pályázunk az Emberi Erőforrás Minisztériuma által kiírt pályázatokra, működésre és szakmai programokra az ország különböző területeire tudtunk ezáltal eljutni</p>



<p>az utóbbi időben.</p>



<ul><li>Hajós-Nemesnádudvar településeivel ismerkedtük és hagyományaikkal.</li><li>rendszeresen vendégei vagyunk Ózd és környéke sváb településeinek</li><li>Szendrőn –majd Taksonyba a Regionális Német Nemzetiségi Kulturális és Gasztronómiai közös rendezvényén léptünk fel a csoportunkkal, amit a fúvós-zenekar kísért. Nagy sikert arattunk a húsos káposztasalátánkkal.</li><li>Dunabogdány sváb csoportjával találkoztunk, majd Esztergom és környélét látogattuk.</li></ul>



<div class="wp-block-file"><object class="wp-block-file__embed" data="https://www.snkka.hu/wp-content/uploads/2021/10/2020.-Palyazati-tabla-Sp-i-Nemet-Kisebbs.Kult_.Alap_.-1.pdf" type="application/pdf" style="width:100%;height:600px" aria-label="2020.-Palyazati-tabla-Sp-i-Nemet-Kisebbs.Kult_.Alap_.-1 beágyazása"></object><a href="https://www.snkka.hu/wp-content/uploads/2021/10/2020.-Palyazati-tabla-Sp-i-Nemet-Kisebbs.Kult_.Alap_.-1.pdf">2020.-Palyazati-tabla-Sp-i-Nemet-Kisebbs.Kult_.Alap_.-1</a><a href="https://www.snkka.hu/wp-content/uploads/2021/10/2020.-Palyazati-tabla-Sp-i-Nemet-Kisebbs.Kult_.Alap_.-1.pdf" class="wp-block-file__button" download>Letöltés</a></div>



<p></p>

<p>2022 ben Kaincbarcikán a XIV .regionális német nemzetiségi fesztiválon,majd Hercegkúton a gasztronómiai és kulturális fesztivál során szerepelt énekkarunk.2022-ben kapcsolatépítés során Balmazüjvárisi német nemzetiségi önkormányzattal történt közös tapasztalatcsere.2023-ban Szendehely német nemzetiségi önkormányzat meghívására a település létrejöttének 270-éves ünnepségén vettünk részt. A XV- Rgionális Német Nemzetiségi fesztivál házigazdája volt a Német Nemzetiségi Önkormányzat Sárospatak Rendszeresen pályázunk az [&hellip;]</p>

<!-- This site is optimized with the Yoast SEO plugin v17.3 - https://yoast.com/wordpress/plugins/seo/ -->
<title>Pályázatok -</title>
<meta name="robots" content="index, follow, max-snippet:-1, max-image-preview:large, max-video-preview:-1" />
<link rel="canonical" href="https://www.snkka.hu/?page_id=10" />
<meta property="og:locale" content="hu_HU" />
<meta property="og:type" content="article" />
<meta property="og:title" content="Pályázatok -" />
<meta property="og:description" content="2022 ben Kaincbarcikán a XIV .regionális német nemzetiségi fesztiválon,majd Hercegkúton a gasztronómiai és kulturális fesztivál során szerepelt énekkarunk.2022-ben kapcsolatépítés során Balmazüjvárisi német nemzetiségi önkormányzattal történt közös tapasztalatcsere.2023-ban Szendehely német nemzetiségi önkormányzat meghívására a település létrejöttének 270-éves ünnepségén vettünk részt. A XV- Rgionális Német Nemzetiségi fesztivál házigazdája volt a Német Nemzetiségi Önkormányzat Sárospatak Rendszeresen pályázunk az [&hellip;]" />
<meta property="og:url" content="https://www.snkka.hu/?page_id=10" />
<meta property="article:modified_time" content="2024-02-17T10:20:58+00:00" />
<meta name="twitter:card" content="summary_large_image" />
<meta name="twitter:label1" content="Becsült olvasási idő" />
	<meta name="twitter:data1" content="1 perc" />
<script type="application/ld+json" class="yoast-schema-graph">{"@context":"https://schema.org","@graph":[{"@type":"WebSite","@id":"https://www.snkka.hu/#website","url":"https://www.snkka.hu/","name":"","description":"A S\u00c1ROSPATAKI N\u00c9MET KISEBBS\u00c9G KULT\u00daR\u00c1J\u00c1\u00c9RT ALAP\u00cdTV\u00c1NY","potentialAction":[{"@type":"SearchAction","target":{"@type":"EntryPoint","urlTemplate":"https://www.snkka.hu/?s={search_term_string}"},"query-input":"required name=search_term_string"}],"inLanguage":"hu"},{"@type":"WebPage","@id":"https://www.snkka.hu/?page_id=10#webpage","url":"https://www.snkka.hu/?page_id=10","name":"P\u00e1ly\u00e1zatok -","isPartOf":{"@id":"https://www.snkka.hu/#website"},"datePublished":"2020-04-22T16:37:47+00:00","dateModified":"2024-02-17T10:20:58+00:00","breadcrumb":{"@id":"https://www.snkka.hu/?page_id=10#breadcrumb"},"inLanguage":"hu","potentialAction":[{"@type":"ReadAction","target":["https://www.snkka.hu/?page_id=10"]}]},{"@type":"BreadcrumbList","@id":"https://www.snkka.hu/?page_id=10#breadcrumb","itemListElement":[{"@type":"ListItem","position":1,"name":"Home","item":"https://www.snkka.hu/"},{"@type":"ListItem","position":2,"name":"P\u00e1ly\u00e1zatok"}]}]}</script>
<!-- / Yoast SEO plugin. -->

Pályázatok -

2022 ben Kaincbarcikán a XIV .regionális német nemzetiségi fesztiválon,majd Hercegkúton a gasztronómiai és kulturális fesztivál során szerepelt énekkarunk.2022-ben kapcsolatépítés során Balmazüjvárisi német nemzetiségi önkormányzattal történt közös tapasztalatcsere.2023-ban Szendehely német nemzetiségi önkormányzat meghívására a település létrejöttének 270-éves ünnepségén vettünk részt. A XV- Rgionális Német Nemzetiségi fesztivál házigazdája volt a Német Nemzetiségi Önkormányzat Sárospatak Rendszeresen pályázunk az [&hellip;]

A SÁROSPATAKI NÉMET KISEBBSÉG KULTÚRÁJÁÉRT ALAPÍTVÁNY
