{"id":2,"date":"2020-04-18T19:36:10","date_gmt":"2020-04-18T19:36:10","guid":{"rendered":"https:\/\/www.snkka.hu\/?page_id=2"},"modified":"2020-04-24T12:52:27","modified_gmt":"2020-04-24T12:52:27","slug":"ez-egy-minta-oldal","status":"publish","type":"page","link":"https:\/\/www.snkka.hu\/","title":{"rendered":"R\u00f3lunk"},"content":{"rendered":"\n<p>Alap\u00edtv\u00e1nyunkat 2008-ban azzal a c\u00e9llal hoztuk l\u00e9tre, hogy<\/p>\n\n\n\n<ul><li>felkutassuk a S\u00e1rospatakon \u00e9s k\u00f6rny\u00e9k\u00e9n \u00e9l\u0151 n\u00e9met nemzetis\u00e9g (sv\u00e1b) m\u00e1r feled\u00e9sbe mer\u00fclt hagyom\u00e1nyait,<\/li><li>a feltal\u00e1lt \u00e9s m\u00e9g \u00e9l\u0151 hagyom\u00e1nyokat \u00e1poljuk \u00e9s tov\u00e1bb adjuk a fiatal gener\u00e1ci\u00f3knak,<\/li><li>kapcsolatokat \u00e9p\u00edts\u00fcnk az orsz\u00e1g m\u00e1s ter\u00fcletein \u00e9l\u0151 n\u00e9met kisebbs\u00e9ggel,<\/li><li>k\u00fcl\u00f6nb\u00f6z\u0151 programokkal, rendezv\u00e9nyekkel fejlessz\u00fck k\u00f6z\u00f6ss\u00e9g\u00fcnk identit\u00e1s tudat\u00e1t.<\/li><li>sv\u00e1b gasztron\u00f3mia tov\u00e1bb ad\u00e1sa&nbsp;<\/li><\/ul>\n\n\n\n<div class=\"wp-block-image\"><figure class=\"alignright size-large is-resized\"><img loading=\"lazy\" src=\"https:\/\/www.snkka.hu\/wp-content\/uploads\/2020\/04\/n\u00e9met-rendezv\u00e9ny.jpg\" alt=\"\" class=\"wp-image-31\" width=\"336\" height=\"224\" srcset=\"https:\/\/www.snkka.hu\/wp-content\/uploads\/2020\/04\/n\u00e9met-rendezv\u00e9ny.jpg 720w, https:\/\/www.snkka.hu\/wp-content\/uploads\/2020\/04\/n\u00e9met-rendezv\u00e9ny-300x200.jpg 300w\" sizes=\"(max-width: 336px) 100vw, 336px\" \/><\/figure><\/div>\n\n\n\n<p>Ezen c\u00e9lok megval\u00f3s\u00edt\u00e1sa \u00e9rdek\u00e9ben igyeksz\u00fcnk alak\u00edtani programjainkat. Vannak \u00e1lland\u00f3, \u00e9vr\u0151l-\u00e9vre ism\u00e9tl\u0151d\u0151, \u00e9s vannak alkalmi programok<\/p>\n\n\n\n<p>\u00c1lland\u00f3 esem\u00e9nyek k\u00f6z\u00e9 tartozik pl. az \u00e9vente megtartott megeml\u00e9kez\u00e9s janu\u00e1r 2-\u00e1n, amikor nagysz\u00fcleink \u00e9s sz\u00fcleink \u201eM\u00e1lenkij robotra\u201d val\u00f3 elhurcol\u00e1s\u00e1ra eml\u00e9kez\u00fcnk. A szomor\u00fa eml\u00e9kez\u00e9snek r\u00e9sze egy kis m\u0171sor, valamint egy gy\u00e1szmise a hercegk\u00fati R\u00f3mai Katolikus Templomban. Alap\u00edtv\u00e1nyunk t\u00f6bb tagja r\u00e9szt vett a Hercegk\u00fat-Szaniszl\u00f3 eml\u00e9kmeneten, megismerve az oroszok \u00e1ltal elhurcolt \u0151seink \u00fatvonal\u00e1nak egy r\u00e9sz\u00e9t. Ugyancsak visszat\u00e9r\u0151 okt\u00f3ber v\u00e9gi program a s\u00e1rospataki Szoci\u00e1lis Otthon ker\u00edt\u00e9s\u00e9n\u00e9l kialak\u00edtott eml\u00e9khely el\u0151tti eml\u00e9kez\u00e9s, mely alkalommal szint\u00e9n az elhurcol\u00e1s idej\u00e9t id\u00e9zz\u00fck fel ott, ahol \u00f6sszegy\u0171jt\u00f6tt\u00e9k \u00e9s ahonnan elind\u00edtott\u00e1k a k\u00f6rny\u00e9k telep\u00fcl\u00e9seir\u0151l elhurcoltakat.<\/p>\n\n\n\n<p>Ezen szomor\u00fa esem\u00e9nyek mellett term\u00e9szetesen nem hi\u00e1nyzik alap\u00edtv\u00e1nyunk tev\u00e9kenys\u00e9g\u00e9b\u0151l a vid\u00e1ms\u00e1g, a sz\u00f3rakoz\u00e1s sem. A m\u00e1r t\u00f6bb mint h\u00fasz \u00e9ve m\u0171k\u00f6d\u0151 \u00e9nekkarunkkal rendszeresen r\u00e9szt vesz\u00fcnk a k\u00f6rny\u00e9k n\u00e9met nemzetis\u00e9gi telep\u00fcl\u00e9seinek rendezv\u00e9nyein, ahol m\u00f3d \u00e9s lehet\u0151s\u00e9g ny\u00edlik a szomsz\u00e9djainkkal val\u00f3 kapcsolatok \u00e9p\u00edt\u00e9s\u00e9re, \u00e1pol\u00e1s\u00e1ra, ismerkedve egym\u00e1s kultur\u00e1lis \u00e9s nem utols\u00f3 sorban gasztron\u00f3miai hagyom\u00e1nyaival. \u00c9nekkarunk el\u0151ad\u00e1sait a legt\u00f6bb esetben a s\u00e1rospataki Farkas Ferenc M\u0171v\u00e9szeti Iskola di\u00e1kjaib\u00f3l \u00e9s tan\u00e1raib\u00f3l \u00e1ll\u00f3 f\u00fav\u00f3szenekar k\u00eds\u00e9ri. Minden \u00e9vben jelen vagyunk term\u00e9szetesen a helyi Sv\u00e1b B\u00e1lon is programunkkal, ahol ki-ki kedve szerint sz\u00f3rakozhat. Ezeken a b\u00e1lokon minden felt\u00e9tel adott az \u00f6nfeledt, kultur\u00e1lt kikapcsol\u00f3d\u00e1shoz, sz\u00f3rakoz\u00e1shoz<\/p>\n","protected":false},"excerpt":{"rendered":"<p>Alap\u00edtv\u00e1nyunkat 2008-ban azzal a c\u00e9llal hoztuk l\u00e9tre, hogy felkutassuk a S\u00e1rospatakon \u00e9s k\u00f6rny\u00e9k\u00e9n \u00e9l\u0151 n\u00e9met nemzetis\u00e9g (sv\u00e1b) m\u00e1r feled\u00e9sbe mer\u00fclt hagyom\u00e1nyait, a feltal\u00e1lt \u00e9s m\u00e9g \u00e9l\u0151 hagyom\u00e1nyokat \u00e1poljuk \u00e9s tov\u00e1bb adjuk a fiatal gener\u00e1ci\u00f3knak, kapcsolatokat \u00e9p\u00edts\u00fcnk az orsz\u00e1g m\u00e1s ter\u00fcletein \u00e9l\u0151 n\u00e9met kisebbs\u00e9ggel, k\u00fcl\u00f6nb\u00f6z\u0151 programokkal, rendezv\u00e9nyekkel fejlessz\u00fck k\u00f6z\u00f6ss\u00e9g\u00fcnk identit\u00e1s tudat\u00e1t. sv\u00e1b gasztron\u00f3mia tov\u00e1bb ad\u00e1sa&nbsp; Ezen [&hellip;]<\/p>\n","protected":false},"author":1,"featured_media":0,"parent":0,"menu_order":0,"comment_status":"closed","ping_status":"open","template":"","meta":{"_monsterinsights_skip_tracking":false,"_monsterinsights_sitenote_active":false,"_monsterinsights_sitenote_note":"","_monsterinsights_sitenote_category":0},"yoast_head":"<!-- This site is optimized with the Yoast SEO plugin v17.3 - https:\/\/yoast.com\/wordpress\/plugins\/seo\/ -->\n<title>R\u00f3lunk -<\/title>\n<meta name=\"robots\" content=\"index, follow, max-snippet:-1, max-image-preview:large, max-video-preview:-1\" \/>\n<link rel=\"canonical\" href=\"https:\/\/www.snkka.hu\/\" \/>\n<meta property=\"og:locale\" content=\"hu_HU\" \/>\n<meta property=\"og:type\" content=\"article\" \/>\n<meta property=\"og:title\" content=\"R\u00f3lunk -\" \/>\n<meta property=\"og:description\" content=\"Alap\u00edtv\u00e1nyunkat 2008-ban azzal a c\u00e9llal hoztuk l\u00e9tre, hogy felkutassuk a S\u00e1rospatakon \u00e9s k\u00f6rny\u00e9k\u00e9n \u00e9l\u0151 n\u00e9met nemzetis\u00e9g (sv\u00e1b) m\u00e1r feled\u00e9sbe mer\u00fclt hagyom\u00e1nyait, a feltal\u00e1lt \u00e9s m\u00e9g \u00e9l\u0151 hagyom\u00e1nyokat \u00e1poljuk \u00e9s tov\u00e1bb adjuk a fiatal gener\u00e1ci\u00f3knak, kapcsolatokat \u00e9p\u00edts\u00fcnk az orsz\u00e1g m\u00e1s ter\u00fcletein \u00e9l\u0151 n\u00e9met kisebbs\u00e9ggel, k\u00fcl\u00f6nb\u00f6z\u0151 programokkal, rendezv\u00e9nyekkel fejlessz\u00fck k\u00f6z\u00f6ss\u00e9g\u00fcnk identit\u00e1s tudat\u00e1t. sv\u00e1b gasztron\u00f3mia tov\u00e1bb ad\u00e1sa&nbsp; Ezen [&hellip;]\" \/>\n<meta property=\"og:url\" content=\"https:\/\/www.snkka.hu\/\" \/>\n<meta property=\"article:modified_time\" content=\"2020-04-24T12:52:27+00:00\" \/>\n<meta property=\"og:image\" content=\"https:\/\/www.snkka.hu\/wp-content\/uploads\/2020\/04\/n\u00e9met-rendezv\u00e9ny.jpg\" \/>\n<meta name=\"twitter:card\" content=\"summary_large_image\" \/>\n<meta name=\"twitter:label1\" content=\"Becs\u00fclt olvas\u00e1si id\u0151\" \/>\n\t<meta name=\"twitter:data1\" content=\"2 perc\" \/>\n<script type=\"application\/ld+json\" class=\"yoast-schema-graph\">{\"@context\":\"https:\/\/schema.org\",\"@graph\":[{\"@type\":\"WebSite\",\"@id\":\"https:\/\/www.snkka.hu\/#website\",\"url\":\"https:\/\/www.snkka.hu\/\",\"name\":\"\",\"description\":\"A S\\u00c1ROSPATAKI N\\u00c9MET KISEBBS\\u00c9G KULT\\u00daR\\u00c1J\\u00c1\\u00c9RT ALAP\\u00cdTV\\u00c1NY\",\"potentialAction\":[{\"@type\":\"SearchAction\",\"target\":{\"@type\":\"EntryPoint\",\"urlTemplate\":\"https:\/\/www.snkka.hu\/?s={search_term_string}\"},\"query-input\":\"required name=search_term_string\"}],\"inLanguage\":\"hu\"},{\"@type\":\"ImageObject\",\"@id\":\"https:\/\/www.snkka.hu\/#primaryimage\",\"inLanguage\":\"hu\",\"url\":\"https:\/\/www.snkka.hu\/wp-content\/uploads\/2020\/04\/n\\u00e9met-rendezv\\u00e9ny.jpg\",\"contentUrl\":\"https:\/\/www.snkka.hu\/wp-content\/uploads\/2020\/04\/n\\u00e9met-rendezv\\u00e9ny.jpg\",\"width\":720,\"height\":480},{\"@type\":\"WebPage\",\"@id\":\"https:\/\/www.snkka.hu\/#webpage\",\"url\":\"https:\/\/www.snkka.hu\/\",\"name\":\"R\\u00f3lunk -\",\"isPartOf\":{\"@id\":\"https:\/\/www.snkka.hu\/#website\"},\"primaryImageOfPage\":{\"@id\":\"https:\/\/www.snkka.hu\/#primaryimage\"},\"datePublished\":\"2020-04-18T19:36:10+00:00\",\"dateModified\":\"2020-04-24T12:52:27+00:00\",\"breadcrumb\":{\"@id\":\"https:\/\/www.snkka.hu\/#breadcrumb\"},\"inLanguage\":\"hu\",\"potentialAction\":[{\"@type\":\"ReadAction\",\"target\":[\"https:\/\/www.snkka.hu\/\"]}]},{\"@type\":\"BreadcrumbList\",\"@id\":\"https:\/\/www.snkka.hu\/#breadcrumb\",\"itemListElement\":[{\"@type\":\"ListItem\",\"position\":1,\"name\":\"Home\",\"item\":\"https:\/\/www.snkka.hu\/\"},{\"@type\":\"ListItem\",\"position\":2,\"name\":\"R\\u00f3lunk\"}]}]}<\/script>\n<!-- \/ Yoast SEO plugin. -->","yoast_head_json":{"title":"R\u00f3lunk -","robots":{"index":"index","follow":"follow","max-snippet":"max-snippet:-1","max-image-preview":"max-image-preview:large","max-video-preview":"max-video-preview:-1"},"canonical":"https:\/\/www.snkka.hu\/","og_locale":"hu_HU","og_type":"article","og_title":"R\u00f3lunk -","og_description":"Alap\u00edtv\u00e1nyunkat 2008-ban azzal a c\u00e9llal hoztuk l\u00e9tre, hogy felkutassuk a S\u00e1rospatakon \u00e9s k\u00f6rny\u00e9k\u00e9n \u00e9l\u0151 n\u00e9met nemzetis\u00e9g (sv\u00e1b) m\u00e1r feled\u00e9sbe mer\u00fclt hagyom\u00e1nyait, a feltal\u00e1lt \u00e9s m\u00e9g \u00e9l\u0151 hagyom\u00e1nyokat \u00e1poljuk \u00e9s tov\u00e1bb adjuk a fiatal gener\u00e1ci\u00f3knak, kapcsolatokat \u00e9p\u00edts\u00fcnk az orsz\u00e1g m\u00e1s ter\u00fcletein \u00e9l\u0151 n\u00e9met kisebbs\u00e9ggel, k\u00fcl\u00f6nb\u00f6z\u0151 programokkal, rendezv\u00e9nyekkel fejlessz\u00fck k\u00f6z\u00f6ss\u00e9g\u00fcnk identit\u00e1s tudat\u00e1t. sv\u00e1b gasztron\u00f3mia tov\u00e1bb ad\u00e1sa&nbsp; Ezen [&hellip;]","og_url":"https:\/\/www.snkka.hu\/","article_modified_time":"2020-04-24T12:52:27+00:00","og_image":[{"url":"https:\/\/www.snkka.hu\/wp-content\/uploads\/2020\/04\/n\u00e9met-rendezv\u00e9ny.jpg"}],"twitter_card":"summary_large_image","twitter_misc":{"Becs\u00fclt olvas\u00e1si id\u0151":"2 perc"},"schema":{"@context":"https:\/\/schema.org","@graph":[{"@type":"WebSite","@id":"https:\/\/www.snkka.hu\/#website","url":"https:\/\/www.snkka.hu\/","name":"","description":"A S\u00c1ROSPATAKI N\u00c9MET KISEBBS\u00c9G KULT\u00daR\u00c1J\u00c1\u00c9RT ALAP\u00cdTV\u00c1NY","potentialAction":[{"@type":"SearchAction","target":{"@type":"EntryPoint","urlTemplate":"https:\/\/www.snkka.hu\/?s={search_term_string}"},"query-input":"required name=search_term_string"}],"inLanguage":"hu"},{"@type":"ImageObject","@id":"https:\/\/www.snkka.hu\/#primaryimage","inLanguage":"hu","url":"https:\/\/www.snkka.hu\/wp-content\/uploads\/2020\/04\/n\u00e9met-rendezv\u00e9ny.jpg","contentUrl":"https:\/\/www.snkka.hu\/wp-content\/uploads\/2020\/04\/n\u00e9met-rendezv\u00e9ny.jpg","width":720,"height":480},{"@type":"WebPage","@id":"https:\/\/www.snkka.hu\/#webpage","url":"https:\/\/www.snkka.hu\/","name":"R\u00f3lunk -","isPartOf":{"@id":"https:\/\/www.snkka.hu\/#website"},"primaryImageOfPage":{"@id":"https:\/\/www.snkka.hu\/#primaryimage"},"datePublished":"2020-04-18T19:36:10+00:00","dateModified":"2020-04-24T12:52:27+00:00","breadcrumb":{"@id":"https:\/\/www.snkka.hu\/#breadcrumb"},"inLanguage":"hu","potentialAction":[{"@type":"ReadAction","target":["https:\/\/www.snkka.hu\/"]}]},{"@type":"BreadcrumbList","@id":"https:\/\/www.snkka.hu\/#breadcrumb","itemListElement":[{"@type":"ListItem","position":1,"name":"Home","item":"https:\/\/www.snkka.hu\/"},{"@type":"ListItem","position":2,"name":"R\u00f3lunk"}]}]}},"_links":{"self":[{"href":"https:\/\/www.snkka.hu\/index.php?rest_route=\/wp\/v2\/pages\/2"}],"collection":[{"href":"https:\/\/www.snkka.hu\/index.php?rest_route=\/wp\/v2\/pages"}],"about":[{"href":"https:\/\/www.snkka.hu\/index.php?rest_route=\/wp\/v2\/types\/page"}],"author":[{"embeddable":true,"href":"https:\/\/www.snkka.hu\/index.php?rest_route=\/wp\/v2\/users\/1"}],"replies":[{"embeddable":true,"href":"https:\/\/www.snkka.hu\/index.php?rest_route=%2Fwp%2Fv2%2Fcomments&post=2"}],"version-history":[{"count":4,"href":"https:\/\/www.snkka.hu\/index.php?rest_route=\/wp\/v2\/pages\/2\/revisions"}],"predecessor-version":[{"id":35,"href":"https:\/\/www.snkka.hu\/index.php?rest_route=\/wp\/v2\/pages\/2\/revisions\/35"}],"wp:attachment":[{"href":"https:\/\/www.snkka.hu\/index.php?rest_route=%2Fwp%2Fv2%2Fmedia&parent=2"}],"curies":[{"name":"wp","href":"https:\/\/api.w.org\/{rel}","templated":true}]}}