{"id":6,"date":"2020-04-22T16:34:56","date_gmt":"2020-04-22T16:34:56","guid":{"rendered":"https:\/\/www.snkka.hu\/?page_id=6"},"modified":"2020-04-24T12:54:05","modified_gmt":"2020-04-24T12:54:05","slug":"programok","status":"publish","type":"page","link":"https:\/\/www.snkka.hu\/?page_id=6","title":{"rendered":"Programok"},"content":{"rendered":"\n<p>\u00c9nekkarunk rendszeresen cs\u00fct\u00f6rt\u00f6k\u00f6nk\u00e9nt tal\u00e1lkozunk az \u00d6nkorm\u00e1nyzati int\u00e9zm\u00e9ny term\u00e9ben \u00e9s tanuljuk a fell\u00e9p\u00e9sekre a nemzetis\u00e9gi dalokat.<\/p>\n\n\n\n<div class=\"wp-block-image\"><figure class=\"alignright size-large is-resized\"><img loading=\"lazy\" src=\"https:\/\/www.snkka.hu\/wp-content\/uploads\/2020\/04\/S\u00e1rospatak.nemz_.-e1587729308219.jpg\" alt=\"\" class=\"wp-image-27\" width=\"263\" height=\"351\" srcset=\"https:\/\/www.snkka.hu\/wp-content\/uploads\/2020\/04\/S\u00e1rospatak.nemz_.-e1587729308219.jpg 480w, https:\/\/www.snkka.hu\/wp-content\/uploads\/2020\/04\/S\u00e1rospatak.nemz_.-e1587729308219-225x300.jpg 225w\" sizes=\"(max-width: 263px) 100vw, 263px\" \/><\/figure><\/div>\n\n\n\n<p>\u00c9vente t\u00f6bb alkalommal fell\u00e9p\u00fcnk a sv\u00e1b rendezv\u00e9nyeken. \/orsz\u00e1gos \u00e9s region\u00e1lis\/<\/p>\n\n\n\n<p>Tev\u00e9kenys\u00e9g\u00fcnk k\u00f6z\u00f6ss\u00e9g \u00e9p\u00edt\u0151<\/p>\n\n\n\n<p>Hercegk\u00fat sz\u00fcl\u0151falunk \u00e9s S\u00e1rospatakon \u00e9l\u0151 k\u00f3rustagok rendszeres fell\u00e9p\u0151i vagyunk e k\u00e9t telep\u00fcl\u00e9snek<\/p>\n","protected":false},"excerpt":{"rendered":"<p>\u00c9nekkarunk rendszeresen cs\u00fct\u00f6rt\u00f6k\u00f6nk\u00e9nt tal\u00e1lkozunk az \u00d6nkorm\u00e1nyzati int\u00e9zm\u00e9ny term\u00e9ben \u00e9s tanuljuk a fell\u00e9p\u00e9sekre a nemzetis\u00e9gi dalokat. \u00c9vente t\u00f6bb alkalommal fell\u00e9p\u00fcnk a sv\u00e1b rendezv\u00e9nyeken. \/orsz\u00e1gos \u00e9s region\u00e1lis\/ Tev\u00e9kenys\u00e9g\u00fcnk k\u00f6z\u00f6ss\u00e9g \u00e9p\u00edt\u0151 Hercegk\u00fat sz\u00fcl\u0151falunk \u00e9s S\u00e1rospatakon \u00e9l\u0151 k\u00f3rustagok rendszeres fell\u00e9p\u0151i vagyunk e k\u00e9t telep\u00fcl\u00e9snek<\/p>\n","protected":false},"author":1,"featured_media":0,"parent":0,"menu_order":0,"comment_status":"closed","ping_status":"closed","template":"","meta":{"_monsterinsights_skip_tracking":false,"_monsterinsights_sitenote_active":false,"_monsterinsights_sitenote_note":"","_monsterinsights_sitenote_category":0},"yoast_head":"<!-- This site is optimized with the Yoast SEO plugin v17.3 - https:\/\/yoast.com\/wordpress\/plugins\/seo\/ -->\n<title>Programok -<\/title>\n<meta name=\"robots\" content=\"index, follow, max-snippet:-1, max-image-preview:large, max-video-preview:-1\" \/>\n<link rel=\"canonical\" href=\"https:\/\/www.snkka.hu\/?page_id=6\" \/>\n<meta property=\"og:locale\" content=\"hu_HU\" \/>\n<meta property=\"og:type\" content=\"article\" \/>\n<meta property=\"og:title\" content=\"Programok -\" \/>\n<meta property=\"og:description\" content=\"\u00c9nekkarunk rendszeresen cs\u00fct\u00f6rt\u00f6k\u00f6nk\u00e9nt tal\u00e1lkozunk az \u00d6nkorm\u00e1nyzati int\u00e9zm\u00e9ny term\u00e9ben \u00e9s tanuljuk a fell\u00e9p\u00e9sekre a nemzetis\u00e9gi dalokat. \u00c9vente t\u00f6bb alkalommal fell\u00e9p\u00fcnk a sv\u00e1b rendezv\u00e9nyeken. \/orsz\u00e1gos \u00e9s region\u00e1lis\/ Tev\u00e9kenys\u00e9g\u00fcnk k\u00f6z\u00f6ss\u00e9g \u00e9p\u00edt\u0151 Hercegk\u00fat sz\u00fcl\u0151falunk \u00e9s S\u00e1rospatakon \u00e9l\u0151 k\u00f3rustagok rendszeres fell\u00e9p\u0151i vagyunk e k\u00e9t telep\u00fcl\u00e9snek\" \/>\n<meta property=\"og:url\" content=\"https:\/\/www.snkka.hu\/?page_id=6\" \/>\n<meta property=\"article:modified_time\" content=\"2020-04-24T12:54:05+00:00\" \/>\n<meta property=\"og:image\" content=\"https:\/\/www.snkka.hu\/wp-content\/uploads\/2020\/04\/S\u00e1rospatak.nemz_.-e1587729308219.jpg\" \/>\n<meta name=\"twitter:card\" content=\"summary_large_image\" \/>\n<script type=\"application\/ld+json\" class=\"yoast-schema-graph\">{\"@context\":\"https:\/\/schema.org\",\"@graph\":[{\"@type\":\"WebSite\",\"@id\":\"https:\/\/www.snkka.hu\/#website\",\"url\":\"https:\/\/www.snkka.hu\/\",\"name\":\"\",\"description\":\"A S\\u00c1ROSPATAKI N\\u00c9MET KISEBBS\\u00c9G KULT\\u00daR\\u00c1J\\u00c1\\u00c9RT ALAP\\u00cdTV\\u00c1NY\",\"potentialAction\":[{\"@type\":\"SearchAction\",\"target\":{\"@type\":\"EntryPoint\",\"urlTemplate\":\"https:\/\/www.snkka.hu\/?s={search_term_string}\"},\"query-input\":\"required name=search_term_string\"}],\"inLanguage\":\"hu\"},{\"@type\":\"ImageObject\",\"@id\":\"https:\/\/www.snkka.hu\/?page_id=6#primaryimage\",\"inLanguage\":\"hu\",\"url\":\"https:\/\/www.snkka.hu\/wp-content\/uploads\/2020\/04\/S\\u00e1rospatak.nemz_.-e1587729308219.jpg\",\"contentUrl\":\"https:\/\/www.snkka.hu\/wp-content\/uploads\/2020\/04\/S\\u00e1rospatak.nemz_.-e1587729308219.jpg\",\"width\":480,\"height\":640},{\"@type\":\"WebPage\",\"@id\":\"https:\/\/www.snkka.hu\/?page_id=6#webpage\",\"url\":\"https:\/\/www.snkka.hu\/?page_id=6\",\"name\":\"Programok -\",\"isPartOf\":{\"@id\":\"https:\/\/www.snkka.hu\/#website\"},\"primaryImageOfPage\":{\"@id\":\"https:\/\/www.snkka.hu\/?page_id=6#primaryimage\"},\"datePublished\":\"2020-04-22T16:34:56+00:00\",\"dateModified\":\"2020-04-24T12:54:05+00:00\",\"breadcrumb\":{\"@id\":\"https:\/\/www.snkka.hu\/?page_id=6#breadcrumb\"},\"inLanguage\":\"hu\",\"potentialAction\":[{\"@type\":\"ReadAction\",\"target\":[\"https:\/\/www.snkka.hu\/?page_id=6\"]}]},{\"@type\":\"BreadcrumbList\",\"@id\":\"https:\/\/www.snkka.hu\/?page_id=6#breadcrumb\",\"itemListElement\":[{\"@type\":\"ListItem\",\"position\":1,\"name\":\"Home\",\"item\":\"https:\/\/www.snkka.hu\/\"},{\"@type\":\"ListItem\",\"position\":2,\"name\":\"Programok\"}]}]}<\/script>\n<!-- \/ Yoast SEO plugin. -->","yoast_head_json":{"title":"Programok -","robots":{"index":"index","follow":"follow","max-snippet":"max-snippet:-1","max-image-preview":"max-image-preview:large","max-video-preview":"max-video-preview:-1"},"canonical":"https:\/\/www.snkka.hu\/?page_id=6","og_locale":"hu_HU","og_type":"article","og_title":"Programok -","og_description":"\u00c9nekkarunk rendszeresen cs\u00fct\u00f6rt\u00f6k\u00f6nk\u00e9nt tal\u00e1lkozunk az \u00d6nkorm\u00e1nyzati int\u00e9zm\u00e9ny term\u00e9ben \u00e9s tanuljuk a fell\u00e9p\u00e9sekre a nemzetis\u00e9gi dalokat. \u00c9vente t\u00f6bb alkalommal fell\u00e9p\u00fcnk a sv\u00e1b rendezv\u00e9nyeken. \/orsz\u00e1gos \u00e9s region\u00e1lis\/ Tev\u00e9kenys\u00e9g\u00fcnk k\u00f6z\u00f6ss\u00e9g \u00e9p\u00edt\u0151 Hercegk\u00fat sz\u00fcl\u0151falunk \u00e9s S\u00e1rospatakon \u00e9l\u0151 k\u00f3rustagok rendszeres fell\u00e9p\u0151i vagyunk e k\u00e9t telep\u00fcl\u00e9snek","og_url":"https:\/\/www.snkka.hu\/?page_id=6","article_modified_time":"2020-04-24T12:54:05+00:00","og_image":[{"url":"https:\/\/www.snkka.hu\/wp-content\/uploads\/2020\/04\/S\u00e1rospatak.nemz_.-e1587729308219.jpg"}],"twitter_card":"summary_large_image","schema":{"@context":"https:\/\/schema.org","@graph":[{"@type":"WebSite","@id":"https:\/\/www.snkka.hu\/#website","url":"https:\/\/www.snkka.hu\/","name":"","description":"A S\u00c1ROSPATAKI N\u00c9MET KISEBBS\u00c9G KULT\u00daR\u00c1J\u00c1\u00c9RT ALAP\u00cdTV\u00c1NY","potentialAction":[{"@type":"SearchAction","target":{"@type":"EntryPoint","urlTemplate":"https:\/\/www.snkka.hu\/?s={search_term_string}"},"query-input":"required name=search_term_string"}],"inLanguage":"hu"},{"@type":"ImageObject","@id":"https:\/\/www.snkka.hu\/?page_id=6#primaryimage","inLanguage":"hu","url":"https:\/\/www.snkka.hu\/wp-content\/uploads\/2020\/04\/S\u00e1rospatak.nemz_.-e1587729308219.jpg","contentUrl":"https:\/\/www.snkka.hu\/wp-content\/uploads\/2020\/04\/S\u00e1rospatak.nemz_.-e1587729308219.jpg","width":480,"height":640},{"@type":"WebPage","@id":"https:\/\/www.snkka.hu\/?page_id=6#webpage","url":"https:\/\/www.snkka.hu\/?page_id=6","name":"Programok -","isPartOf":{"@id":"https:\/\/www.snkka.hu\/#website"},"primaryImageOfPage":{"@id":"https:\/\/www.snkka.hu\/?page_id=6#primaryimage"},"datePublished":"2020-04-22T16:34:56+00:00","dateModified":"2020-04-24T12:54:05+00:00","breadcrumb":{"@id":"https:\/\/www.snkka.hu\/?page_id=6#breadcrumb"},"inLanguage":"hu","potentialAction":[{"@type":"ReadAction","target":["https:\/\/www.snkka.hu\/?page_id=6"]}]},{"@type":"BreadcrumbList","@id":"https:\/\/www.snkka.hu\/?page_id=6#breadcrumb","itemListElement":[{"@type":"ListItem","position":1,"name":"Home","item":"https:\/\/www.snkka.hu\/"},{"@type":"ListItem","position":2,"name":"Programok"}]}]}},"_links":{"self":[{"href":"https:\/\/www.snkka.hu\/index.php?rest_route=\/wp\/v2\/pages\/6"}],"collection":[{"href":"https:\/\/www.snkka.hu\/index.php?rest_route=\/wp\/v2\/pages"}],"about":[{"href":"https:\/\/www.snkka.hu\/index.php?rest_route=\/wp\/v2\/types\/page"}],"author":[{"embeddable":true,"href":"https:\/\/www.snkka.hu\/index.php?rest_route=\/wp\/v2\/users\/1"}],"replies":[{"embeddable":true,"href":"https:\/\/www.snkka.hu\/index.php?rest_route=%2Fwp%2Fv2%2Fcomments&post=6"}],"version-history":[{"count":3,"href":"https:\/\/www.snkka.hu\/index.php?rest_route=\/wp\/v2\/pages\/6\/revisions"}],"predecessor-version":[{"id":37,"href":"https:\/\/www.snkka.hu\/index.php?rest_route=\/wp\/v2\/pages\/6\/revisions\/37"}],"wp:attachment":[{"href":"https:\/\/www.snkka.hu\/index.php?rest_route=%2Fwp%2Fv2%2Fmedia&parent=6"}],"curies":[{"name":"wp","href":"https:\/\/api.w.org\/{rel}","templated":true}]}}